mber?
False
Let r(f) = -56*f + 37. Is r(-9) prime?
True
Suppose 7*l = 4*l + 6. Suppose -3*n - 7 = -2*t, 16 = 3*t + 3*n - l*n. Suppose -5*r = t - 35. Is r a composite number?
True
Is 1 - (-311 + 0)*4/2 a prime number?
False
Suppose 4*o + 5*z = -2, 4*o + z = 4*z + 14. Let j be (-2)/4 + 446/(-4). Is -2 - (j - 6/o) prime?
True
Let m(h) = 6*h**3 - h**2 + 3*h - 1. Is m(2) a prime number?
False
Suppose 4*q - 4*j = -2*j - 6, 0 = -q + j - 4. Let n be q*(0 + (1 - 2)). Is (2 + -3 - n) + 35 a composite number?
True
Suppose -229 = -5*a + 116. Is a composite?
True
Let d(c) = -c**2 + 6*c - 3. Let b be d(6). Let r = b - -3. Suppose 2*z + 97 = 5*p, -p - 2*z + r*z + 29 = 0. Is p a composite number?
True
Let f be (-4)/6 + (-2)/(-3). Suppose -2*r + 4*x + 26 = f, 0 = 5*x + 2 - 22. Is r prime?
False
Let t = 3 + 0. Let z(x) = 0*x - 5 + x**2 + 4 + t*x. Is z(5) prime?
False
Let f = 4 + 0. Suppose -74 = 5*i + n - 22, -n = f*i + 42. Is (-6)/15 - 494/i prime?
False
Suppose 0*z + 3*z = 6. Suppose 3*x = 5*p + z + 9, 3*p + 7 = 2*x. Suppose 5*u = -3*d + 70, x*d + 0*u - u - 25 = 0. Is d a prime number?
False
Suppose -c + 5*c + 180 = 0. Let u = 17 - c. Is u a prime number?
False
Suppose 3*u + 5*j = 1247, -2*j + 10 - 14 = 0. Is u composite?
False
Suppose 0*m - 2*m + 638 = 0. Is m prime?
False
Let d(r) = r + 6. Let n = -3 + -1. Is d(n) composite?
False
Is 10*29 + (-45)/15 composite?
True
Let m = -16 + 16. Suppose 4*s + 3*i - 298 - 70 = m, 12 = 3*i. Is s prime?
True
Let g = -218 - -607. Is g prime?
True
Let g(t) = -5 + 8*t + 6*t + 2. Is g(3) prime?
False
Suppose 0 = -2*m + 5 + 3. Let i be 1 + (-5)/((-10)/m). Suppose 2*l - l + i*r - 47 = 0, -2*r + 183 = 5*l. Is l a prime number?
False
Let j(l) = -l - 1. Let g be j(4). Let f(d) = d**3 + 6*d**2 + 4*d - 3. Let a be f(g). Suppose -2*n + u = 4*u - 61, a*u + 181 = 5*n. Is n a composite number?
True
Let n(s) be the first derivative of -1/4*s**4 + 1 + 0*s**3 + 0*s**2 + 10*s. Is n(0) prime?
False
Let r be 4324/12 - (-1)/(-3). Suppose 3*n = -a + r, -a + 2*a + 245 = 2*n. Is n prime?
False
Is 156 + 5 - (0 + 4) composite?
False
Is 86/6 + (-2)/(-3) a prime number?
False
Suppose -5*j - 5*g + 23 + 7 = 0, 0 = -5*j - 3*g + 28. Suppose -2*m - 6 = -j*m. Suppose -5*l + 147 = -m*l. Is l composite?
True
Let h(w) = w. Let b be h(2). Is b/(1/((-18)/(-4))) a composite number?
True
Suppose v + 5*w = 13, -3*v + 0 = -w - 7. Suppose -7*p + 476 = -v*p. Is p prime?
False
Suppose -w = -5*q + 3*w + 27, 2*q + 3*w = -3. Suppose -331 - 86 = -q*x. Suppose 3*m + 37 = x. Is m composite?
True
Let w(n) = -n - 1. Suppose -3*p = z - p + 4, 5*p + 4 = -z. Let l be w(z). Is (-4)/(-6) - (-229)/l a prime number?
False
Suppose -718 = -2*x + 172. Is x a prime number?
False
Let p(f) = 87*f - 33. Is p(6) prime?
False
Suppose 3*t - 12 = 4*s, 2*s = -t - s + 17. Is (1/4)/(t/11936) composite?
False
Suppose 2*a - 1 = 3*a, -5*a + 7 = 3*m. Suppose 0 = 3*c - g - 471, -c + 0*g = m*g - 157. Is c composite?
False
Let w(t) = 17*t**2 + 5*t + 1. Is w(4) prime?
True
Let l = 1555 + -404. Is l a composite number?
False
Let s = -1 - -1. Let j(t) = t - 8. Let z be j(10). Is s + z + 5*7 a composite number?
False
Suppose -5*j + 19 + 7 = -2*s, 4*s = 5*j - 42. Let d(v) = -v**3 - 9*v**2 - 9*v - 1. Is d(s) a composite number?
False
Let o = 2953 + 2308. Is o composite?
False
Let a(j) = 2*j + 6*j**2 + 2 + j**3 + 3 - 3*j. Let x be a(-6). Let d = -4 + x. Is d composite?
False
Suppose 0 = 3*p - 87 + 18. Is p a prime number?
True
Suppose k - 1707 = -2*b + 235, -k + 4855 = 5*b. Is b a prime number?
True
Let u = 33 - 11. Let i = 77 - u. Is i prime?
False
Let f(d) = d**3 + 12*d**2 - d - 9. Suppose 4*x = 3*x - 12. Let q be f(x). Suppose 3*w - 621 = -5*m - 0*m, q*m + 5*w = 379. Is m composite?
True
Let h = 991 - 408. Is h a composite number?
True
Let f be (-1232)/(-20) - (-2)/5. Let o = f - 19. Is o a prime number?
True
Suppose 2*l = -3*r - 45, -r - 45 = 4*l - 4*r. Suppose w = 4*w - 63. Let o = w + l. Is o a composite number?
True
Let c = -6 + 12. Suppose -u + 3*u = -c, 4*u + 165 = 3*j. Is j prime?
False
Suppose 4*m = 5*o - o - 360, 5*o - 3*m - 448 = 0. Is o a composite number?
False
Let l be ((-56)/21)/((-4)/6). Suppose -3*g = l*s - 469, s + 4*g - 123 = 9*g. Is s a prime number?
False
Is 12974/10 - (4 + 126/(-35)) prime?
True
Let w(j) = -11*j + 1. Let d be w(5). Let r be d/4*2/(-3). Is (-80)/(-6) - 3/r prime?
True
Suppose -2*u + 3 = 15. Let o(v) = -7*v + 1. Is o(u) a composite number?
False
Let r be 3/2*2/3. Let o = r + 36. Is o prime?
True
Let d be 24/32 - (-22)/(-8). Let l(v) = 49*v**2 + 4*v + 3. Is l(d) prime?
True
Suppose -y - 4 = 0, 1340 = 5*h - 3*y - 3857. Is h a composite number?
True
Let p = -7 + 26. Is p composite?
False
Suppose -3*x = -6*x + 9. Suppose x*p = -0*p + 6. Suppose -p*d + 32 = -66. Is d composite?
True
Is (-1 - 4)*(26 + -277) composite?
True
Suppose -2*q - 22 = 2. Let u = 27 - q. Is u prime?
False
Suppose 5*z - 10 = 2*o - 7*o, -14 = -5*o - 3*z. Suppose 0 = o*f + 341 - 865. Is f a composite number?
False
Let s(z) = 5*z + 5. Let v be s(-6). Let f = v - -38. Is f a composite number?
False
Suppose 3 = -2*c + 2*r + 17, 4*c - r - 19 = 0. Let w = -1 + c. Let y(v) = 5*v**3 + 4*v**2 - 4*v + 4. Is y(w) a composite number?
False
Suppose 0 = -5*z + 391 + 8214. Is z composite?
False
Let k be 12*6/9 + 1. Let v = 7 - k. Let y(n) = 10*n**2 - 2*n - 1. Is y(v) composite?
False
Let v = -227 + 561. Is v composite?
True
Suppose -165 = -p - 5*i, 0*p - 161 = -p - 4*i. Is p a prime number?
False
Suppose -7*f + 96 = -11*f. Let b = 55 + f. Is b composite?
False
Let i(k) = -k**2 + 6*k + 6. Let u be i(6). Suppose -530 = b - u*b. Suppose d - b = -d. Is d composite?
False
Is ((-35)/(-14))/(4/1016 + 0) prime?
False
Let a(k) = 4*k**2 - 14*k - 7. Is a(10) prime?
False
Let t = -28 - -32. Suppose 2*n = -3*s + s + 676, -1328 = -t*n + 4*s. Is n composite?
True
Suppose 0 = -g - 3*f - 10, -4*f = -2*g + 4 + 16. Suppose -3*w + 69 = -g*w. Is w prime?
False
Let t be 5 + (5 - 2) - 3. Suppose t*d - 4*p - 74 = 0, 2*d - 4*p - 60 = -2*d. Is d a prime number?
False
Suppose 312 = 5*l - 2688. Suppose -2*n + 6*n = l. Let m = 233 - n. Is m composite?
False
Suppose 3*f = -3*g + 27, f - 2*f = -5. Suppose g*b = -b. Suppose z - 214 - 33 = b. Is z composite?
True
Let g(f) = -59*f**3 + 2*f + 1. Let q(x) = x**3 - 7*x**2 - 9*x + 9. Let v be q(8). Let u be 0 + 1 + (-1 - v). Is g(u) prime?
False
Suppose 0 = 5*z - 5, -4*l = -2*z + 450 - 6588. Is l a composite number?
True
Let z be 2 + (-26)/(-1)*-1. Let l be z*(10/6 - 3). Suppose -r + 2*m = 3*r - l, -r = -m - 9. Is r a prime number?
True
Let u(s) = -24*s - 1. Let x(l) = 3*l + 5. Let f be x(-5). Is u(f) a composite number?
False
Let t = 0 + 2. Suppose -3*h + 129 = 4*f - 35, -2*h - 68 = -t*f. Suppose -4*l - f = -2*b - 2*l, -3*b + 59 = -2*l. Is b composite?
True
Let k = 148 + -84. Suppose -5*d = -d - k. Suppose d + 31 = y. Is y a prime number?
True
Is 4 - 4 - (-2 + -2933) a prime number?
False
Suppose -5*n = -5*z - 2520, -4*n + 1156 + 869 = 5*z. Is n a composite number?
True
Suppose -j + 2*d + 1611 = 0, -1 + 5 = -d. Is j prime?
False
Let c(d) = -d**2 + 17*d - 13. Let z be c(10). Suppose 0*l = 3*l - z. Is l a prime number?
True
Suppose -3*i = -5*c + 189 - 827, 1052 = 5*i + 3*c. Is i a composite number?
False
Let r(a) = -a + 1. Let w be r(-7). Is (w/2)/4 + 50 a prime number?
False
Let u(w) be the first derivative of 4*w**3/3 + w**2 - 5*w - 2. Is u(-4) a composite number?
True
Let v(q) = -q + 170. Let f be v(0). Let h = -7 + f. Let b = h - 44. Is b a prime number?
False
Suppose -2*r + 3125 = -189. Is r a prime number?
True
Suppose -3*c = c. Let v be -13 - 2 - (c - 3). Is 236/6*v/(-8) a composite number?
False
Let k(j) = 6*j**3 - 4*j**2 + 5*j - 5. Let r be k(4). Suppose 2*q + d + 173 = 506, d + r = 2*q. Is q a prime number?
True
Is (-5621)/(-4) + 5/(-20) composite?
True
Suppose -5*d + 6*d - 223 = 0. Is d composite?
False
Suppose r - 2*r + 4*d + 84 = 0, -3*d = -6. Suppose p = 5*p - r. Is p a composite number?
False
Suppose -1353 = -2*k + 733. Is k a composite number?
True
Suppose 0 = -5*q - 2*g + 1, 0 = 4*q - g - 0 - 6. Is (q/(-2))/((-6)/1044) composite?
True
Suppose 7 = 4*d - 13. Suppose -4*g = -2*n + 18, d*n - 2*n - 9 = 3*g. Let v = g - -55. Is v prime?
False
Let v be 0 + (4*-2)/(-2). Suppose v*g - 1782 = -610